{"id":151,"date":"2016-06-23T11:01:42","date_gmt":"2016-06-23T10:01:42","guid":{"rendered":"https:\/\/modernbat.fr\/index.php\/team-2\/"},"modified":"2026-01-02T11:35:56","modified_gmt":"2026-01-02T10:35:56","slug":"team-2","status":"publish","type":"page","link":"https:\/\/modernbat.fr\/index.php\/about-us\/team-2\/","title":{"rendered":"Equipe"},"content":{"rendered":"<div class=\"wpb-content-wrapper\"><p>[vc_row type=\u00a0\u00bbvc_default\u00a0\u00bb][vc_column]<style type=\"text\/css\" data-type=\"the7_shortcodes-inline-css\">.dt-team-shortcode.team-masonry-shortcode-id-4b5ab34eea9f393db5d9895ba2a879cc .team-desc {\n  padding: 25px 0px 0px 0px;\n}\n.dt-team-shortcode.team-masonry-shortcode-id-4b5ab34eea9f393db5d9895ba2a879cc .team-author-name,\n.dt-team-shortcode.team-masonry-shortcode-id-4b5ab34eea9f393db5d9895ba2a879cc .team-author-name a {\n  margin-bottom: 0px;\n  font-weight: bold;\n}\n.dt-team-shortcode.team-masonry-shortcode-id-4b5ab34eea9f393db5d9895ba2a879cc .team-author p {\n  margin-bottom: 10px;\n  color: #999999;\n  background: none;\n  font-weight: bold;\n}\n.dt-team-shortcode.team-masonry-shortcode-id-4b5ab34eea9f393db5d9895ba2a879cc  .team-media {\n  padding: 0px 0px 0px 0px;\n}\n.dt-team-shortcode.team-masonry-shortcode-id-4b5ab34eea9f393db5d9895ba2a879cc .dt-css-grid .team-media img {\n  max-width: 100%;\n}\n.dt-team-shortcode.team-masonry-shortcode-id-4b5ab34eea9f393db5d9895ba2a879cc .team-content {\n  margin-bottom: 5px;\n}\n.dt-team-shortcode.team-masonry-shortcode-id-4b5ab34eea9f393db5d9895ba2a879cc  .team-media,\n.dt-team-shortcode.team-masonry-shortcode-id-4b5ab34eea9f393db5d9895ba2a879cc  .team-media a.rollover,\n.dt-team-shortcode.team-masonry-shortcode-id-4b5ab34eea9f393db5d9895ba2a879cc  .team-media a.rollover *,\n.dt-team-shortcode.team-masonry-shortcode-id-4b5ab34eea9f393db5d9895ba2a879cc  .team-media img {\n  border-radius: 0px;\n}\n.dt-team-shortcode.team-masonry-shortcode-id-4b5ab34eea9f393db5d9895ba2a879cc .soc-ico {\n  margin-bottom: 15px;\n}\n.dt-team-shortcode.team-masonry-shortcode-id-4b5ab34eea9f393db5d9895ba2a879cc .soc-ico a {\n  min-width: 26px;\n  min-height: 26px;\n  font-size: 16px;\n  border-radius: 100px;\n}\n.dt-team-shortcode.team-masonry-shortcode-id-4b5ab34eea9f393db5d9895ba2a879cc .soc-ico a:not(:last-child) {\n  margin-right: 4px;\n}\n.dt-team-shortcode.team-masonry-shortcode-id-4b5ab34eea9f393db5d9895ba2a879cc .soc-ico a:before,\n.dt-team-shortcode.team-masonry-shortcode-id-4b5ab34eea9f393db5d9895ba2a879cc .soc-ico a:after {\n  min-width: 26px;\n  min-height: 26px;\n  padding: inherit;\n}\n.dt-icon-border-on.dt-team-shortcode.team-masonry-shortcode-id-4b5ab34eea9f393db5d9895ba2a879cc .soc-ico a:before {\n  border: 0px solid transparent;\n}\n.dt-team-shortcode.team-masonry-shortcode-id-4b5ab34eea9f393db5d9895ba2a879cc .soc-ico a:hover {\n  font-size: 16px;\n}\n#page .dt-team-shortcode.team-masonry-shortcode-id-4b5ab34eea9f393db5d9895ba2a879cc .soc-ico a:hover .soc-font-icon {\n  color: rgba(255,255,255,0.75);\n  background: none;\n}\n.dt-icon-border-hover-on.dt-team-shortcode.team-masonry-shortcode-id-4b5ab34eea9f393db5d9895ba2a879cc .soc-ico a:after {\n  border: 0px solid transparent;\n}\n#page .dt-team-shortcode.team-masonry-shortcode-id-4b5ab34eea9f393db5d9895ba2a879cc .soc-ico a:not(:hover) .soc-font-icon {\n  color: #ffffff;\n  background: none;\n}\n.dt-team-shortcode.team-masonry-shortcode-id-4b5ab34eea9f393db5d9895ba2a879cc .soc-ico a .soc-font-icon {\n  font-size: 16px;\n}\n.dt-team-shortcode.team-masonry-shortcode-id-4b5ab34eea9f393db5d9895ba2a879cc .filter-bg-decoration .filter-categories a.act {\n  color: #fff;\n}\n.dt-team-shortcode.team-masonry-shortcode-id-4b5ab34eea9f393db5d9895ba2a879cc:not(.resize-by-browser-width) .dt-css-grid {\n  grid-row-gap: 50px;\n  grid-column-gap: 50px;\n  grid-template-columns: repeat(auto-fill,minmax(,1fr));\n}\n.cssgridlegacy.no-cssgrid .dt-team-shortcode.team-masonry-shortcode-id-4b5ab34eea9f393db5d9895ba2a879cc:not(.resize-by-browser-width) .dt-css-grid,\n.no-cssgridlegacy.no-cssgrid .dt-team-shortcode.team-masonry-shortcode-id-4b5ab34eea9f393db5d9895ba2a879cc:not(.resize-by-browser-width) .dt-css-grid {\n  display: flex;\n  flex-flow: row wrap;\n  margin: -25px;\n}\n.cssgridlegacy.no-cssgrid .dt-team-shortcode.team-masonry-shortcode-id-4b5ab34eea9f393db5d9895ba2a879cc:not(.resize-by-browser-width) .dt-css-grid .wf-cell,\n.no-cssgridlegacy.no-cssgrid .dt-team-shortcode.team-masonry-shortcode-id-4b5ab34eea9f393db5d9895ba2a879cc:not(.resize-by-browser-width) .dt-css-grid .wf-cell {\n  flex: 1 0 ;\n  max-width: 100%;\n  padding: 25px;\n  box-sizing: border-box;\n}\n.dt-team-shortcode.team-masonry-shortcode-id-4b5ab34eea9f393db5d9895ba2a879cc.resize-by-browser-width .dt-css-grid {\n  grid-template-columns: repeat(3,1fr);\n  grid-template-rows: auto;\n  grid-column-gap: 50px;\n  grid-row-gap: 50px;\n}\n.cssgridlegacy.no-cssgrid .dt-team-shortcode.team-masonry-shortcode-id-4b5ab34eea9f393db5d9895ba2a879cc.resize-by-browser-width .dt-css-grid,\n.no-cssgridlegacy.no-cssgrid .dt-team-shortcode.team-masonry-shortcode-id-4b5ab34eea9f393db5d9895ba2a879cc.resize-by-browser-width .dt-css-grid {\n  margin: -25px;\n}\n.cssgridlegacy.no-cssgrid .dt-team-shortcode.team-masonry-shortcode-id-4b5ab34eea9f393db5d9895ba2a879cc.resize-by-browser-width .dt-css-grid .wf-cell,\n.no-cssgridlegacy.no-cssgrid .dt-team-shortcode.team-masonry-shortcode-id-4b5ab34eea9f393db5d9895ba2a879cc.resize-by-browser-width .dt-css-grid .wf-cell {\n  width: 33.333333333333%;\n  padding: 25px;\n}\n@media screen and (max-width: 1199px) {\n  .dt-team-shortcode.team-masonry-shortcode-id-4b5ab34eea9f393db5d9895ba2a879cc.resize-by-browser-width .dt-css-grid {\n    grid-template-columns: repeat(3,1fr);\n  }\n  .cssgridlegacy.no-cssgrid .dt-team-shortcode.team-masonry-shortcode-id-4b5ab34eea9f393db5d9895ba2a879cc.resize-by-browser-width .dt-css-grid .wf-cell,\n  .no-cssgridlegacy.no-cssgrid .dt-team-shortcode.team-masonry-shortcode-id-4b5ab34eea9f393db5d9895ba2a879cc.resize-by-browser-width .dt-css-grid .wf-cell {\n    width: 33.333333333333%;\n  }\n}\n@media screen and (max-width: 991px) {\n  .dt-team-shortcode.team-masonry-shortcode-id-4b5ab34eea9f393db5d9895ba2a879cc.resize-by-browser-width .dt-css-grid {\n    grid-template-columns: repeat(2,1fr);\n  }\n  .cssgridlegacy.no-cssgrid .dt-team-shortcode.team-masonry-shortcode-id-4b5ab34eea9f393db5d9895ba2a879cc.resize-by-browser-width .dt-css-grid .wf-cell,\n  .no-cssgridlegacy.no-cssgrid .dt-team-shortcode.team-masonry-shortcode-id-4b5ab34eea9f393db5d9895ba2a879cc.resize-by-browser-width .dt-css-grid .wf-cell {\n    width: 50%;\n  }\n}\n@media screen and (max-width: 767px) {\n  .dt-team-shortcode.team-masonry-shortcode-id-4b5ab34eea9f393db5d9895ba2a879cc.resize-by-browser-width .dt-css-grid {\n    grid-template-columns: repeat(1,1fr);\n  }\n  .cssgridlegacy.no-cssgrid .dt-team-shortcode.team-masonry-shortcode-id-4b5ab34eea9f393db5d9895ba2a879cc.resize-by-browser-width .dt-css-grid .wf-cell,\n  .no-cssgridlegacy.no-cssgrid .dt-team-shortcode.team-masonry-shortcode-id-4b5ab34eea9f393db5d9895ba2a879cc.resize-by-browser-width .dt-css-grid .wf-cell {\n    width: 100%;\n  }\n}<\/style><div class=\"dt-team-masonry-shortcode dt-team-shortcode team-masonry-shortcode-id-4b5ab34eea9f393db5d9895ba2a879cc loading-effect-none mode-grid jquery-filter content-align-left dt-css-grid-wrap scale-img dt-css-grid-wrap dt-icon-bg-on dt-icon-border-on dt-icon-hover-bg-on dt-icon-border-hover-on move-icons-under-position resize-by-browser-width  \" data-padding=\"25px\" data-cur-page=\"1\" data-post-limit=\"-1\" data-pagination-mode=\"none\" data-desktop-columns-num=\"3\" data-v-tablet-columns-num=\"2\" data-h-tablet-columns-num=\"3\" data-phone-columns-num=\"1\" data-width=\"0px\" data-columns=\"0\"><div class=\"dt-css-grid\" ><div class=\"visible wf-cell\" data-post-id=\"5823\" data-date=\"2026-01-07T16:16:43+01:00\" data-name=\"Valeria\"><div class=\"team-container visible post post-5823 dt_team type-dt_team status-publish has-post-thumbnail hentry\"><div class=\"team-media\"><a href=\"https:\/\/modernbat.fr\/index.php\/dt_team\/valeria\/\" class=\"rollover layzr-bg\"><img fetchpriority=\"high\" decoding=\"async\" class=\"preload-me iso-lazy-load aspect\" src=\"data:image\/svg+xml,%3Csvg%20xmlns%3D&#39;http%3A%2F%2Fwww.w3.org%2F2000%2Fsvg&#39;%20viewBox%3D&#39;0%200%20890%20890&#39;%2F%3E\" data-src=\"https:\/\/modernbat.fr\/wp-content\/uploads\/2026\/01\/Railean-2-e1767799437866-890x890.jpg\" data-srcset=\"https:\/\/modernbat.fr\/wp-content\/uploads\/2026\/01\/Railean-2-e1767799437866-890x890.jpg 890w\" loading=\"eager\" style=\"--ratio: 890 \/ 890\" sizes=\"(max-width: 890px) 100vw, 890px\" width=\"890\" height=\"890\"  title=\"Railean\" alt=\"\" \/><\/a><\/div><div class=\"team-desc\"><div class=\"team-author\"><div class=\"team-author-name\"><a href=\"https:\/\/modernbat.fr\/index.php\/dt_team\/valeria\/\">Valeria<\/a><\/div><p>Secr\u00e9tariat<\/p><\/div><div class=\"team-content\"><p>Railean est en charge du secretariat. Elle est votre principal contact pour toute demande administrative ou rendez-vous.<\/p>\n<\/div>\n<a href=\"https:\/\/modernbat.fr\/index.php\/dt_team\/valeria\/\" class=\"post-details details-type-link\" aria-label=\"En savoir plus sur Valeria\">View details<i class=\"dt-icon-the7-arrow-03\" aria-hidden=\"true\"><\/i><\/a>\n<\/div><\/div><\/div><div class=\"visible wf-cell\" data-post-id=\"227\" data-date=\"2016-06-23T18:44:37+02:00\" data-name=\"Victor\"><div class=\"team-container visible post post-227 dt_team type-dt_team status-publish has-post-thumbnail hentry\"><div class=\"team-media\"><span><img decoding=\"async\" class=\"preload-me iso-lazy-load aspect\" src=\"data:image\/svg+xml,%3Csvg%20xmlns%3D&#39;http%3A%2F%2Fwww.w3.org%2F2000%2Fsvg&#39;%20viewBox%3D&#39;0%200%20696%20696&#39;%2F%3E\" data-src=\"https:\/\/modernbat.fr\/wp-content\/uploads\/2026\/01\/Victor-2-e1767800084652-696x696.jpg\" data-srcset=\"https:\/\/modernbat.fr\/wp-content\/uploads\/2026\/01\/Victor-2-e1767800084652-696x696.jpg 696w\" loading=\"eager\" style=\"--ratio: 696 \/ 696\" sizes=\"(max-width: 696px) 100vw, 696px\" width=\"696\" height=\"696\"  title=\"Victor 2\" alt=\"\" \/><\/span><\/div><div class=\"team-desc\"><div class=\"team-author\"><div class=\"team-author-name\">Victor<\/div><p>Fondateur & Conduite de chantier<\/p><\/div><div class=\"team-content\"><p>Co-fondateur de la soci\u00e9t\u00e9 ModernBat.<\/p>\n<\/div><\/div><\/div><\/div><div class=\"visible wf-cell\" data-post-id=\"221\" data-date=\"2016-06-23T18:43:33+02:00\" data-name=\"Constantin\"><div class=\"team-container visible post post-221 dt_team type-dt_team status-publish has-post-thumbnail hentry\"><div class=\"team-media\"><span><img decoding=\"async\" class=\"preload-me iso-lazy-load aspect\" src=\"data:image\/svg+xml,%3Csvg%20xmlns%3D&#39;http%3A%2F%2Fwww.w3.org%2F2000%2Fsvg&#39;%20viewBox%3D&#39;0%200%20884%20884&#39;%2F%3E\" data-src=\"https:\/\/modernbat.fr\/wp-content\/uploads\/2026\/01\/constantin-2-e1767800033230-884x884.jpg\" data-srcset=\"https:\/\/modernbat.fr\/wp-content\/uploads\/2026\/01\/constantin-2-e1767800033230-884x884.jpg 884w\" loading=\"eager\" style=\"--ratio: 884 \/ 884\" sizes=\"(max-width: 884px) 100vw, 884px\" width=\"884\" height=\"884\"  title=\"constantin 2\" alt=\"\" \/><\/span><\/div><div class=\"team-desc\"><div class=\"team-author\"><div class=\"team-author-name\">Constantin<\/div><p>Fondateur & Menuiserie<\/p><\/div><div class=\"team-content\"><p>Co-Fondateur de la soci\u00e9t\u00e9 Modernbat, Constantin de formation ma\u00e7onnerie, il est expert en Menuiserie (int\u00e9rieur, ext\u00e9rieur)<\/p>\n<\/div><\/div><\/div><\/div><div class=\"visible wf-cell\" data-post-id=\"219\" data-date=\"2016-06-23T18:41:58+02:00\" data-name=\"Valera\"><div class=\"team-container visible post post-219 dt_team type-dt_team status-publish has-post-thumbnail hentry\"><div class=\"team-media\"><span><img decoding=\"async\" class=\"preload-me iso-lazy-load aspect\" src=\"data:image\/svg+xml,%3Csvg%20xmlns%3D&#39;http%3A%2F%2Fwww.w3.org%2F2000%2Fsvg&#39;%20viewBox%3D&#39;0%200%20687%20687&#39;%2F%3E\" data-src=\"https:\/\/modernbat.fr\/wp-content\/uploads\/2026\/01\/plombier-e1767350060885-687x687.jpeg\" data-srcset=\"https:\/\/modernbat.fr\/wp-content\/uploads\/2026\/01\/plombier-e1767350060885-687x687.jpeg 687w\" loading=\"eager\" style=\"--ratio: 687 \/ 687\" sizes=\"(max-width: 687px) 100vw, 687px\" width=\"687\" height=\"687\"  title=\"plombier\" alt=\"\" \/><\/span><\/div><div class=\"team-desc\"><div class=\"team-author\"><div class=\"team-author-name\">Valera<\/div><p>Plomberie<\/p><\/div><div class=\"team-content\"><p>Plombier chauffagiste avec plus de 20 ans d&rsquo;experience.<\/p>\n<\/div><\/div><\/div><\/div><div class=\"visible wf-cell\" data-post-id=\"218\" data-date=\"2016-06-23T18:40:59+02:00\" data-name=\"Dorel\"><div class=\"team-container visible post post-218 dt_team type-dt_team status-publish has-post-thumbnail hentry\"><div class=\"team-media\"><span><img decoding=\"async\" class=\"preload-me iso-lazy-load aspect\" src=\"data:image\/svg+xml,%3Csvg%20xmlns%3D&#39;http%3A%2F%2Fwww.w3.org%2F2000%2Fsvg&#39;%20viewBox%3D&#39;0%200%20353%20353&#39;%2F%3E\" data-src=\"https:\/\/modernbat.fr\/wp-content\/uploads\/2026\/01\/electricien-e1767350041747-353x353.jpg\" data-srcset=\"https:\/\/modernbat.fr\/wp-content\/uploads\/2026\/01\/electricien-e1767350041747-353x353.jpg 353w\" loading=\"eager\" style=\"--ratio: 353 \/ 353\" sizes=\"(max-width: 353px) 100vw, 353px\" width=\"353\" height=\"353\"  title=\"electricien\" alt=\"\" \/><\/span><\/div><div class=\"team-desc\"><div class=\"team-author\"><div class=\"team-author-name\">Dorel<\/div><p>Electricit\u00e9<\/p><\/div><div class=\"team-content\"><p>Electricien  &#8211; Dorel intervient sur les installations courants fort et faible<\/p>\n<\/div><\/div><\/div><\/div><\/div><!-- iso-container|iso-grid --><\/div>[\/vc_column][\/vc_row]<\/p>\n<\/div>","protected":false},"excerpt":{"rendered":"<p>[vc_row type=\u00a0\u00bbvc_default\u00a0\u00bb][vc_column][\/vc_column][\/vc_row]<\/p>\n","protected":false},"author":1,"featured_media":0,"parent":154,"menu_order":0,"comment_status":"closed","ping_status":"closed","template":"","meta":{"footnotes":""},"class_list":["post-151","page","type-page","status-publish","hentry"],"_links":{"self":[{"href":"https:\/\/modernbat.fr\/index.php\/wp-json\/wp\/v2\/pages\/151","targetHints":{"allow":["GET"]}}],"collection":[{"href":"https:\/\/modernbat.fr\/index.php\/wp-json\/wp\/v2\/pages"}],"about":[{"href":"https:\/\/modernbat.fr\/index.php\/wp-json\/wp\/v2\/types\/page"}],"author":[{"embeddable":true,"href":"https:\/\/modernbat.fr\/index.php\/wp-json\/wp\/v2\/users\/1"}],"replies":[{"embeddable":true,"href":"https:\/\/modernbat.fr\/index.php\/wp-json\/wp\/v2\/comments?post=151"}],"version-history":[{"count":2,"href":"https:\/\/modernbat.fr\/index.php\/wp-json\/wp\/v2\/pages\/151\/revisions"}],"predecessor-version":[{"id":5808,"href":"https:\/\/modernbat.fr\/index.php\/wp-json\/wp\/v2\/pages\/151\/revisions\/5808"}],"up":[{"embeddable":true,"href":"https:\/\/modernbat.fr\/index.php\/wp-json\/wp\/v2\/pages\/154"}],"wp:attachment":[{"href":"https:\/\/modernbat.fr\/index.php\/wp-json\/wp\/v2\/media?parent=151"}],"curies":[{"name":"wp","href":"https:\/\/api.w.org\/{rel}","templated":true}]}}