{"id":154,"date":"2016-06-23T11:12:53","date_gmt":"2016-06-23T10:12:53","guid":{"rendered":"https:\/\/modernbat.fr\/index.php\/about-us\/"},"modified":"2025-12-23T23:06:50","modified_gmt":"2025-12-23T22:06:50","slug":"about-us","status":"publish","type":"page","link":"https:\/\/modernbat.fr\/index.php\/about-us\/","title":{"rendered":"A propos de nous"},"content":{"rendered":"<div class=\"wpb-content-wrapper\"><p>[vc_row type=\u00a0\u00bbvc_default\u00a0\u00bb margin_top=\u00a0\u00bb5&Prime; margin_bottom=\u00a0\u00bb15&Prime; css=\u00a0\u00bb.vc_custom_1493829267800{padding-top: 70px !important;}\u00a0\u00bb][vc_column offset=\u00a0\u00bbvc_col-lg-6 vc_col-md-6 vc_col-xs-12&Prime; css=\u00a0\u00bb.vc_custom_1493829169670{padding-bottom: 70px !important;}\u00a0\u00bb]<div id=\"ultimate-heading-958269d787810d856\" class=\"uvc-heading ult-adjust-bottom-margin ultimate-heading-958269d787810d856 uvc-1053 accent-border-color\" data-hspacer=\"line_only\"  data-halign=\"left\" style=\"text-align:left\"><div class=\"uvc-main-heading ult-responsive\"  data-ultimate-target='.uvc-heading.ultimate-heading-958269d787810d856 h2'  data-responsive-json-new='{\"font-size\":\"desktop:26px;\",\"line-height\":\"desktop:36px;\"}' ><h2 style=\"font-weight:bold;\">Qui sommes Nous<\/h2><\/div><div class=\"uvc-heading-spacer line_only\" style=\"margin-top:15px;margin-bottom:50px;height:4px;\"><span class=\"uvc-headings-line\" style=\"border-style:solid;border-bottom-width:4px;border-color:;width:50px;\"><\/span><\/div><\/div><style type=\"text\/css\" data-type=\"the7_shortcodes-inline-css\">.shortcode-single-image-wrap.shortcode-single-image-5a85a17a250adfc7f067170cf48805f7.enable-bg-rollover .rollover i,\n.shortcode-single-image-wrap.shortcode-single-image-5a85a17a250adfc7f067170cf48805f7.enable-bg-rollover .rollover-video i {\n  background: -webkit-linear-gradient();\n  background: linear-gradient();\n}\n.shortcode-single-image-wrap.shortcode-single-image-5a85a17a250adfc7f067170cf48805f7 .rollover-icon {\n  font-size: 32px;\n  color: #ffffff;\n  min-width: 44px;\n  min-height: 44px;\n  line-height: 44px;\n  border-radius: 100px;\n  border-style: solid;\n  border-width: 0px;\n}\n.dt-icon-bg-on.shortcode-single-image-wrap.shortcode-single-image-5a85a17a250adfc7f067170cf48805f7 .rollover-icon {\n  background: rgba(255,255,255,0.3);\n  box-shadow: none;\n}<\/style><div class=\"shortcode-single-image-wrap shortcode-single-image-5a85a17a250adfc7f067170cf48805f7 alignnone  vc_custom_1578764095825 enable-bg-rollover dt-icon-bg-off\" ><div class=\"shortcode-single-image\"><div class=\"fancy-media-wrap  layzr-bg\" style=\"\"><img fetchpriority=\"high\" decoding=\"async\" class=\"preload-me lazy-load aspect\" src=\"data:image\/svg+xml,%3Csvg%20xmlns%3D&#39;http%3A%2F%2Fwww.w3.org%2F2000%2Fsvg&#39;%20viewBox%3D&#39;0%200%201000%20500&#39;%2F%3E\" data-src=\"https:\/\/modernbat.fr\/wp-content\/uploads\/2020\/01\/con013-1000x500.jpg\" data-srcset=\"https:\/\/modernbat.fr\/wp-content\/uploads\/2020\/01\/con013-1000x500.jpg 1000w, https:\/\/modernbat.fr\/wp-content\/uploads\/2020\/01\/con013-1500x750.jpg 1500w\" loading=\"eager\" sizes=\"(max-width: 1000px) 100vw, 1000px\" width=\"1000\" height=\"500\"  data-dt-location=\"https:\/\/modernbat.fr\/con013\/\" style=\"--ratio: 1000 \/ 500;\" alt=\"\" \/><\/div><\/div><\/div>[vc_column_text css=\u00a0\u00bb\u00a0\u00bb]Nous sommes une entreprise g\u00e9n\u00e9rale du b\u00e2timent, compos\u00e9e de sp\u00e9cialistes pour chacun des corps de m\u00e9tier.<\/p>\n<div id=\"1563894578\" class=\"dmNewParagraph u_1563894578\" data-version=\"5\">\n<p><span class=\"\">Une entreprise tous corps d\u2019\u00e9tat est pluridisciplinaire. Elle&nbsp;<\/span><span class=\"\">rassemble plusieurs corps de m\u00e9tiers&nbsp;<\/span><span class=\"\">indispensables \u00e0 la bonne r\u00e9alisation d\u2019un projet de travaux, que ce soit en r\u00e9novation ou en construction. <\/span>Dans l\u2019\u00e9quipe ModernBat, vous retrouvez donc des professionnels du b\u00e2timent sp\u00e9cialis\u00e9s dans tous les domaines, du terrassement \u00e0 la pose de fen\u00eatres.<\/p>\n<\/div>\n<div id=\"1505011881\" class=\"dmNewParagraph u_1505011881\" data-version=\"5\">\n<p>Les missions :<\/p>\n<ul class=\"defaultList\">\n<li>Un accompagnement du client, professionnel ou particulier, d\u00e8s la conception de son projet\u2009;<\/li>\n<li>La coordination des travaux\u2009;<\/li>\n<li>Le respect du cahier des charges.<\/li>\n<\/ul>\n<\/div>\n<p>[\/vc_column_text][\/vc_column][vc_column offset=\u00a0\u00bbvc_col-lg-6 vc_col-md-6 vc_col-xs-12&Prime; css=\u00a0\u00bb.vc_custom_1493829183360{padding-bottom: 70px !important;}\u00a0\u00bb]<div id=\"ultimate-heading-13969d787810e58a\" class=\"uvc-heading ult-adjust-bottom-margin ultimate-heading-13969d787810e58a uvc-7287 accent-border-color\" data-hspacer=\"line_only\"  data-halign=\"left\" style=\"text-align:left\"><div class=\"uvc-main-heading ult-responsive\"  data-ultimate-target='.uvc-heading.ultimate-heading-13969d787810e58a h2'  data-responsive-json-new='{\"font-size\":\"desktop:26px;\",\"line-height\":\"desktop:36px;\"}' ><h2 style=\"font-weight:bold;\">Nos valeurs<\/h2><\/div><div class=\"uvc-heading-spacer line_only\" style=\"margin-top:15px;margin-bottom:40px;height:4px;\"><span class=\"uvc-headings-line\" style=\"border-style:solid;border-bottom-width:4px;border-color:;width:50px;\"><\/span><\/div><\/div><div class=\"standard-number-list bullet-top\"><ul>\n<li>Comp\u00e9tence techniques<\/li>\n<li>Experience et Fiabilit\u00e9<\/li>\n<li>Transparence<\/li>\n<li>Service Client<\/li>\n<li>Respect des normes et innovation<\/li>\n<\/ul>\n<\/div><div id=\"ultimate-heading-939069d787810e606\" class=\"uvc-heading ult-adjust-bottom-margin ultimate-heading-939069d787810e606 uvc-5402 accent-border-color\" data-hspacer=\"line_only\"  data-halign=\"left\" style=\"text-align:left\"><div class=\"uvc-main-heading ult-responsive\"  data-ultimate-target='.uvc-heading.ultimate-heading-939069d787810e606 h2'  data-responsive-json-new='{\"font-size\":\"desktop:26px;\",\"line-height\":\"desktop:36px;\"}' ><h2 style=\"font-weight:bold;margin-top:60px;\">Experience<\/h2><\/div><div class=\"uvc-heading-spacer line_only\" style=\"margin-top:15px;margin-bottom:40px;height:4px;\"><span class=\"uvc-headings-line\" style=\"border-style:solid;border-bottom-width:4px;border-color:;width:50px;\"><\/span><\/div><\/div>[vc_progress_bar values=\u00a0\u00bb%5B%7B%22label%22%3A%22Gros%20oeuvres%22%2C%22value%22%3A%22100%22%2C%22color%22%3A%22custom%22%2C%22customcolor%22%3A%22%2381D742%22%7D%2C%7B%22label%22%3A%22Plomberie%20et%20Electricit%C3%A9%22%2C%22value%22%3A%22100%22%2C%22color%22%3A%22custom%22%2C%22customcolor%22%3A%22%2381D742%22%7D%2C%7B%22label%22%3A%22Am%C3%A9nagement%20int%C3%A9rieur%22%2C%22value%22%3A%2280%22%2C%22color%22%3A%22custom%22%2C%22customcolor%22%3A%22%2381D742%22%7D%2C%7B%22label%22%3A%22Amenagement%20exterieur%22%2C%22value%22%3A%22100%22%2C%22color%22%3A%22custom%22%2C%22customcolor%22%3A%22%2381D742%22%7D%5D\u00a0\u00bb bgcolor=\u00a0\u00bbcustom\u00a0\u00bb custombgcolor=\u00a0\u00bb#eeee22&Prime; options=\u00a0\u00bbstriped\u00a0\u00bb css=\u00a0\u00bb\u00a0\u00bb caption_pos=\u00a0\u00bbtop\u00a0\u00bb bgstyle=\u00a0\u00bbtransparent\u00a0\u00bb][\/vc_column][\/vc_row][vc_row bg_type=\u00a0\u00bbbg_color\u00a0\u00bb bg_override=\u00a0\u00bbex-full\u00a0\u00bb type=\u00a0\u00bbvc_default\u00a0\u00bb css=\u00a0\u00bb.vc_custom_1493828377672{padding-top: 70px !important;}\u00a0\u00bb bg_color_value=\u00a0\u00bb#f4f4f4&Prime;][vc_column offset=\u00a0\u00bbvc_col-lg-8 vc_col-md-7 vc_col-xs-12&Prime; css=\u00a0\u00bb.vc_custom_1493828780806{padding-bottom: 30px !important;}\u00a0\u00bb]<div id=\"ultimate-heading-85969d787810e62e\" class=\"uvc-heading ult-adjust-bottom-margin ultimate-heading-85969d787810e62e uvc-8472 accent-border-color\" data-hspacer=\"line_only\"  data-halign=\"left\" style=\"text-align:left\"><div class=\"uvc-main-heading ult-responsive\"  data-ultimate-target='.uvc-heading.ultimate-heading-85969d787810e62e h2'  data-responsive-json-new='{\"font-size\":\"desktop:26px;\",\"line-height\":\"desktop:36px;\"}' ><h2 style=\"font-weight:bold;\">Fondateurs<\/h2><\/div><div class=\"uvc-heading-spacer line_only\" style=\"margin-top:15px;margin-bottom:50px;height:4px;\"><span class=\"uvc-headings-line\" style=\"border-style:solid;border-bottom-width:4px;border-color:;width:50px;\"><\/span><\/div><\/div>[vc_row_inner css=\u00a0\u00bb.vc_custom_1493828256311{padding-bottom: 20px !important;}\u00a0\u00bb][vc_column_inner width=\u00a0\u00bb1\/3&Prime; offset=\u00a0\u00bbvc_col-lg-5 vc_col-md-5&Prime; css=\u00a0\u00bb.vc_custom_1493828224094{padding-bottom: 30px !important;}\u00a0\u00bb]<style type=\"text\/css\" data-type=\"the7_shortcodes-inline-css\">.shortcode-single-image-wrap.shortcode-single-image-8da89a94d2144181a68be89620bc7231.enable-bg-rollover .rollover i,\n.shortcode-single-image-wrap.shortcode-single-image-8da89a94d2144181a68be89620bc7231.enable-bg-rollover .rollover-video i {\n  background: -webkit-linear-gradient();\n  background: linear-gradient();\n}\n.shortcode-single-image-wrap.shortcode-single-image-8da89a94d2144181a68be89620bc7231 .rollover-icon {\n  font-size: 32px;\n  color: #ffffff;\n  min-width: 44px;\n  min-height: 44px;\n  line-height: 44px;\n  border-radius: 100px;\n  border-style: solid;\n  border-width: 0px;\n}\n.dt-icon-bg-on.shortcode-single-image-wrap.shortcode-single-image-8da89a94d2144181a68be89620bc7231 .rollover-icon {\n  background: rgba(255,255,255,0.3);\n  box-shadow: none;\n}<\/style>[\/vc_column_inner][vc_column_inner width=\u00a0\u00bb2\/3&Prime; offset=\u00a0\u00bbvc_col-lg-7 vc_col-md-7&Prime; css=\u00a0\u00bb.vc_custom_1493828251033{padding-bottom: 30px !important;}\u00a0\u00bb]<div id=\"ultimate-heading-166669d787810ec05\" class=\"uvc-heading ult-adjust-bottom-margin ultimate-heading-166669d787810ec05 uvc-6574 \" data-hspacer=\"no_spacer\"  data-halign=\"left\" style=\"text-align:left\"><div class=\"uvc-heading-spacer no_spacer\" style=\"top\"><\/div><div class=\"uvc-main-heading ult-responsive\"  data-ultimate-target='.uvc-heading.ultimate-heading-166669d787810ec05 h2'  data-responsive-json-new='{\"font-size\":\"desktop:20px;\",\"line-height\":\"desktop:30px;\"}' ><h2 style=\"font-weight:bold;\">Victor<\/h2><\/div><div class=\"uvc-sub-heading ult-responsive\"  data-ultimate-target='.uvc-heading.ultimate-heading-166669d787810ec05 .uvc-sub-heading '  data-responsive-json-new='{\"font-size\":\"desktop:16px;\",\"line-height\":\"desktop:28px;\"}'  style=\"font-weight:bold;color:#999999;margin-bottom:20px;\">G\u00e9rant<\/div><\/div>[vc_column_text css=\u00a0\u00bb.vc_custom_1493828582090{padding-bottom: 20px !important;}\u00a0\u00bb]Curabitur pellentesque neque eget diam posuere porta. Quisque ut nulla at nunc vehicula lacinia. Proin adipiscing porta tellus, ut feugiat nibh. Lorem ipsum nulla amos eget purus vel mauris tincidunt tincidunt nibh tortor.[\/vc_column_text]<div id=\"ultimate-heading-896769d787810ec2b\" class=\"uvc-heading ult-adjust-bottom-margin ultimate-heading-896769d787810ec2b uvc-8888 \" data-hspacer=\"no_spacer\"  data-halign=\"left\" style=\"text-align:left\"><div class=\"uvc-heading-spacer no_spacer\" style=\"top\"><\/div><div class=\"uvc-main-heading ult-responsive\"  data-ultimate-target='.uvc-heading.ultimate-heading-896769d787810ec2b h2'  data-responsive-json-new='{\"font-size\":\"desktop:12px;\",\"line-height\":\"desktop:22px;\"}' ><h2 style=\"font-weight:bold;margin-bottom:5px;\">victor@modernbat.fr<\/h2><\/div><\/div>[\/vc_column_inner][\/vc_row_inner][vc_row_inner css=\u00a0\u00bb.vc_custom_1493828264162{padding-bottom: 20px !important;}\u00a0\u00bb][vc_column_inner width=\u00a0\u00bb1\/3&Prime; offset=\u00a0\u00bbvc_col-lg-5 vc_col-md-5&Prime; css=\u00a0\u00bb.vc_custom_1493828233201{padding-bottom: 30px !important;}\u00a0\u00bb][\/vc_column_inner][vc_column_inner width=\u00a0\u00bb2\/3&Prime; offset=\u00a0\u00bbvc_col-lg-7 vc_col-md-7&Prime; css=\u00a0\u00bb.vc_custom_1493828260175{padding-bottom: 30px !important;}\u00a0\u00bb]<div id=\"ultimate-heading-397969d787810ec48\" class=\"uvc-heading ult-adjust-bottom-margin ultimate-heading-397969d787810ec48 uvc-3326 \" data-hspacer=\"no_spacer\"  data-halign=\"left\" style=\"text-align:left\"><div class=\"uvc-heading-spacer no_spacer\" style=\"top\"><\/div><div class=\"uvc-main-heading ult-responsive\"  data-ultimate-target='.uvc-heading.ultimate-heading-397969d787810ec48 h2'  data-responsive-json-new='{\"font-size\":\"desktop:20px;\",\"line-height\":\"desktop:30px;\"}' ><h2 style=\"font-weight:bold;\">Constantin<\/h2><\/div><div class=\"uvc-sub-heading ult-responsive\"  data-ultimate-target='.uvc-heading.ultimate-heading-397969d787810ec48 .uvc-sub-heading '  data-responsive-json-new='{\"font-size\":\"desktop:16px;\",\"line-height\":\"desktop:28px;\"}'  style=\"font-weight:bold;color:#999999;margin-bottom:20px;\">G\u00e9rant, associ\u00e9<\/div><\/div>[vc_column_text css=\u00a0\u00bb.vc_custom_1493828742250{padding-bottom: 20px !important;}\u00a0\u00bb]Quisque ut nulla at nunc vehicula lacinia. Proin adipiscing porta tellus, ut feugiat nibh. Lorem ipsum nulla amos eget purus vel mauris tincidunt tincidunt nibh tortor.[\/vc_column_text]<div id=\"ultimate-heading-592869d787810ec61\" class=\"uvc-heading ult-adjust-bottom-margin ultimate-heading-592869d787810ec61 uvc-4979 \" data-hspacer=\"no_spacer\"  data-halign=\"left\" style=\"text-align:left\"><div class=\"uvc-heading-spacer no_spacer\" style=\"top\"><\/div><div class=\"uvc-main-heading ult-responsive\"  data-ultimate-target='.uvc-heading.ultimate-heading-592869d787810ec61 h2'  data-responsive-json-new='{\"font-size\":\"desktop:12px;\",\"line-height\":\"desktop:22px;\"}' ><h2 style=\"font-weight:bold;margin-bottom:5px;\">Constantin@modernbat.fr<\/h2><\/div><\/div>[\/vc_column_inner][\/vc_row_inner][\/vc_column][\/vc_row][vc_row bg_type=\u00a0\u00bbimage\u00a0\u00bb parallax_style=\u00a0\u00bbvcpb-default\u00a0\u00bb bg_image_new=\u00a0\u00bbid^1150|url^http:\/\/modernbat.fr\/wp-content\/uploads\/2020\/01\/con061.jpg|caption^null|alt^null|title^con061|description^null\u00a0\u00bb bg_image_repeat=\u00a0\u00bbno-repeat\u00a0\u00bb bg_override=\u00a0\u00bbfull\u00a0\u00bb enable_overlay=\u00a0\u00bbenable_overlay_value\u00a0\u00bb overlay_color=\u00a0\u00bbrgba(0,0,0,0.5)\u00a0\u00bb type=\u00a0\u00bbvc_default\u00a0\u00bb css=\u00a0\u00bb.vc_custom_1578767453437{padding-top: 70px !important;padding-bottom: 80px !important;}\u00a0\u00bb][vc_column width=\u00a0\u00bb2\/3&Prime;]<div id=\"ultimate-heading-175169d787810ec7c\" class=\"uvc-heading ult-adjust-bottom-margin ultimate-heading-175169d787810ec7c uvc-6350 \" data-hspacer=\"no_spacer\"  data-halign=\"left\" style=\"text-align:left\"><div class=\"uvc-heading-spacer no_spacer\" style=\"top\"><\/div><div class=\"uvc-main-heading ult-responsive\"  data-ultimate-target='.uvc-heading.ultimate-heading-175169d787810ec7c h2'  data-responsive-json-new='{\"font-size\":\"desktop:32px;\",\"line-height\":\"desktop:42px;\"}' ><h2 style=\"font-weight:bold;color:#ffffff;margin-bottom:20px;\">Un projet ?<\/h2><\/div><div class=\"uvc-sub-heading ult-responsive\"  data-ultimate-target='.uvc-heading.ultimate-heading-175169d787810ec7c .uvc-sub-heading '  data-responsive-json-new='{\"font-size\":\"desktop:18px;\",\"line-height\":\"desktop:30px;\"}'  style=\"font-weight:normal;color:#ffffff;margin-bottom:30px;\">Vous avez besoin de renseignements, n\u2019h\u00e9sitez pas \u00e0 nous contacter.<\/p>\n<p>Nous vous r\u00e9pondrons dans les plus brefs d\u00e9lais.<\/div><\/div><style type=\"text\/css\" data-type=\"the7_shortcodes-inline-css\">#default-btn-3e74f03095834bffcf741ff87eba0afa.ico-right-side > i {\n  margin-right: 0px;\n  margin-left: 8px;\n}\n#default-btn-3e74f03095834bffcf741ff87eba0afa > i {\n  margin-right: 8px;\n}<\/style><a href=\"http:\/\/the7.io\/construction\/contact\/\" class=\"default-btn-shortcode dt-btn dt-btn-m link-hover-off btn-inline-left \" id=\"default-btn-3e74f03095834bffcf741ff87eba0afa\"><span>Envoyer un message<\/span><\/a>[\/vc_column][\/vc_row]<\/p>\n<\/div>","protected":false},"excerpt":{"rendered":"<p>[vc_row type=\u00a0\u00bbvc_default\u00a0\u00bb margin_top=\u00a0\u00bb5&Prime; margin_bottom=\u00a0\u00bb15&Prime; css=\u00a0\u00bb.vc_custom_1493829267800{padding-top: 70px !important;}\u00a0\u00bb][vc_column offset=\u00a0\u00bbvc_col-lg-6 vc_col-md-6 vc_col-xs-12&Prime; css=\u00a0\u00bb.vc_custom_1493829169670{padding-bottom: 70px !important;}\u00a0\u00bb][vc_column_text css=\u00a0\u00bb\u00a0\u00bb]Nous sommes une entreprise g\u00e9n\u00e9rale du b\u00e2timent, compos\u00e9e de sp\u00e9cialistes pour chacun des corps de m\u00e9tier. Une entreprise tous corps d\u2019\u00e9tat est pluridisciplinaire. Elle&nbsp;rassemble plusieurs corps de m\u00e9tiers&nbsp;indispensables \u00e0 la bonne r\u00e9alisation d\u2019un projet de travaux, que ce soit en r\u00e9novation ou&hellip;<\/p>\n","protected":false},"author":1,"featured_media":0,"parent":0,"menu_order":1,"comment_status":"closed","ping_status":"closed","template":"","meta":{"footnotes":""},"class_list":["post-154","page","type-page","status-publish","hentry"],"_links":{"self":[{"href":"https:\/\/modernbat.fr\/index.php\/wp-json\/wp\/v2\/pages\/154","targetHints":{"allow":["GET"]}}],"collection":[{"href":"https:\/\/modernbat.fr\/index.php\/wp-json\/wp\/v2\/pages"}],"about":[{"href":"https:\/\/modernbat.fr\/index.php\/wp-json\/wp\/v2\/types\/page"}],"author":[{"embeddable":true,"href":"https:\/\/modernbat.fr\/index.php\/wp-json\/wp\/v2\/users\/1"}],"replies":[{"embeddable":true,"href":"https:\/\/modernbat.fr\/index.php\/wp-json\/wp\/v2\/comments?post=154"}],"version-history":[{"count":5,"href":"https:\/\/modernbat.fr\/index.php\/wp-json\/wp\/v2\/pages\/154\/revisions"}],"predecessor-version":[{"id":5773,"href":"https:\/\/modernbat.fr\/index.php\/wp-json\/wp\/v2\/pages\/154\/revisions\/5773"}],"wp:attachment":[{"href":"https:\/\/modernbat.fr\/index.php\/wp-json\/wp\/v2\/media?parent=154"}],"curies":[{"name":"wp","href":"https:\/\/api.w.org\/{rel}","templated":true}]}}